- -2) + 49 - (-111 + 129)
37
What is -14 - (117 + (24 - 9 - -8) + -39)?
-115
What is 72 + 2 + (0 - -1) + (68 - (216 + -137))?
64
Calculate -2 + 1 - -98 - (-141 - -172).
66
Calculate (11 - (-37 + 5 - (5 + -10))) + 0 - 4.
34
Calculate (-1 + 1 - (-69 + (15 - -69))) + 51.
36
5084 + -5297 - (-127 + 1)
-87
Evaluate (-43 - -10) + 12 + (-7 - (-1 + -10)).
-17
What is 15 + 18 + 8 + -16 + -14 - 19?
-8
Evaluate -22 - -1 - (-102 - -90 - 16).
7
Evaluate (6 - (2 - -2)) + 7 - ((52 - 0) + 0).
-43
Evaluate 90 + -77 + -51 + (-3 - -3) + -2.
-40
What is the value of -9 - (-7 - 10) - ((2 - 0) + 45)?
-39
What is (8 - 2 - 2 - (-72 + 154)) + -149 + 138?
-89
What is 31 + -12 + 15 + -19 + 25?
40
What is -1 + 3 + 0 + -96 - (167 - -33 - 200)?
-94
Calculate 52 - 87 - 31 - -3.
-63
Evaluate -88 + 71 + 65 - -32.
80
What is -16 + 81 + (-76 - -28)?
17
What is the value of -44 + -41 + 48 + 49?
12
Calculate 68 + -18 + -9 + (-8 - -22) + 9.
64
Calculate 56 + -1 + -500 + 185 + 275.
15
(-53 + -5 - -9) + (-5 + 11 - 17)
-60
What is -40 + 63 + -24 + (-3 - 0) + 31?
27
Calculate 30 + (-15 - -9 - (3 - 9) - 7) + -3.
20
12 + -8 + 1 + -15 + 27 + 42
59
90 - (-2 + 5) - (18 + -22 + 9 - 4)
86
Evaluate -3 + -28 + 87 + -20.
36
Evaluate (-19 - -38) + -26 - (1 - (2 - -11)).
5
What is 11 + (-4 - (11 - (-4 + 11 - -10)) - 30)?
-17
39 + (-38 - 15) - (-43 + 6)
23
Calculate -16 - (81 + -31 - 87).
21
(-17 - 0) + 118 + -119 + 11
-7
Calculate 5 + -3 + 8 + 6 + -8 + (-12 - -79).
75
Evaluate 9 + (-19 + 10 - -3) - (-9 - 3).
15
Evaluate (-43 - 1) + (30 - (-38 - (-28 + -31))).
-35
-57 - (-44 - (-40 - -29))
-24
What is 12 + -33 + 9 + (-28 - (-9 + -1))?
-30
What is the value of (25 - 30) + -183 + 4 + 47?
-137
Evaluate (-24 - (-14 + 20) - (0 - -3) - 7) + -1.
-41
What is -2 + -1 + 13 + -39 + (-62 + 33 - -66)?
8
39 + 5 - (-67 - -38)
73
Evaluate 22 - (7 + 17 + -4 + -23).
25
What is -55 - (-2 - -4) - ((262 - 258) + -3 + -2)?
-56
((-3 - -3) + -44 - (-482 - -468)) + 5
-25
What is -9 + -4 + -27 + 11 + 33 + (3 - -98)?
105
Calculate 11 - ((-1 - -2 - 2) + -3 - (-7 + 19)).
27
31 - (-13 - (-3 + -8)) - 6
27
What is -3 + 38 + 4 - (14 + -16 + -10 + 20)?
31
Calculate (-16 - -38) + -15 - 17 - (-1 + (49 - 0)).
-58
What is the value of -8 - (21 + (-101 - (18 + -4 + -4)))?
82
Calculate -27 + (-3 - -15) - (-44 - 0).
29
(250 - 250 - (1 + -20)) + (-29 - -3)
-7
Evaluate (9 - (-37 - -47)) + 2 + -4 + -49.
-52
What is the value of 5 - (-13 + 4 + 75 - (20 + -13 + 3))?
-51
(-882 - -717) + 6 + 71
-88
Evaluate (13 - 14 - (2 + -1)) + 3 + -67 + 7.
-59
Evaluate 7 - (44 + -3 + 161 + -154) - (12 - 1).
-52
-6 + 6 + 4 + (71 - 73)
2
(14 - -2) + -2 - (37 + -15 - -26)
-34
Evaluate 8 + -43 - (-2 + -11) - -47.
25
What is 29 + (30 + (-14 - -26) - 19)?
52
What is the value of 8 - (-3 + 69 + -27)?
-31
7 - 0 - (98 - (76 - (63 - 31)))
-47
What is the value of 119 + -1 + (-1798 - -1672)?
-8
What is -5 - ((1 - -1) + -13 + 10)?
-4
925 - 749 - (6 - 3 - -31)
142
What is -33 - -1 - ((-24 - -39) + -40 + 14)?
-21
Calculate -12 + 0 - (-53 + 125 + -60).
-24
What is the value of 42 - ((15 - 1) + 24 + -29 + -1 + -7)?
41
Evaluate 107 + (52 - (-91 + 189)).
61
-1 + (74 + -80 - (6 - -1)) + 9
-5
Calculate (-71 - 1) + (-22 + 3 - (-10 + 4) - -4).
-81
Calculate (-88 - -3) + (-50 - -23) + (22 - 3).
-93
What is 5 - (-27 - -48 - 14 - 58)?
56
What is -33 + -1 + 0 + -9624 + 9648 + -38?
-48
What is (5 - 4) + (-19 - (-24 + -1) - 31)?
-24
What is the value of (-8 - -1) + (5 - (-14 - -9)) + -9?
-6
What is -75 + -23 + 5 + 1 + (18 - -8)?
-66
Calculate (-42 - (-9 + -15)) + 6 + 1.
-11
24 - (-1 - (-78 + 50)) - 21
-24
Calculate (-1 - -4) + -13 + (10 - (3 + -6)) + 10.
13
Calculate -6 + 43 - -11 - (4 + (9 - 2) - 10).
47
(16 - 0) + (-38 + 37 - 3) + -68
-56
What is (100 - 62) + -1 + -39 + (13 - (1 - -1))?
9
Calculate 23 + -4 + 12 + -12 + -36.
-17
(-6 - -37 - (-27 - (-4 - 7))) + (1 - 11)
37
Evaluate (213 - 31) + -172 - (-1 - -52).
-41
What is -58 - (27 - 17) - (-2 + -12)?
-54
Calculate -1 - -13 - (1037 + -997).
-28
What is the value of -32 - (10 + (-23 - (-11 + 1)) + -1)?
-28
55 - (17 - ((13 - -2) + -15 + 29))
67
What is the value of 5 - ((-12 - 3) + 8) - (20 - 39)?
31
0 + -2 + 19 + -13 + 3 + 7 - 57
-43
Evaluate -1 + -1 + 0 - -6 - (-58 - -242 - 203).
23
What is (-57 - -60) + (-2 + 4 - 9) + (0 - 28)?
-32
What is the value of 9 + 1 + -49 + (63 - 34) + -9?
-19
Evaluate (8 + -48 - -60) + (2 - 43).
-21
Evaluate (-1 - -28) + 11 + -18 + (8 + -9 - -5).
24
What is the value of -29 + 112 + -2 + (20 - 26)?
75
What is (-4 - (20 - (6 + 4))) + (7 - (-22 + 121))?
-106
Evaluate -1 - (7 + 4 + -5 + 42 + (-8 - -8)).
-49
What is (26 - (2 + 0 + -1 + (-98 - -91))) + 0?
32
Calculate 2 + 5 - -4 - (-1178 - -1302).
-113
What is the value of (-15 - (-17 + (-2 - -2))) + -20?
-18
Evaluate 11 + 19 - (103 - 118).
45
Calculate 0 + (-462 + 404 - (-40 + 1)).
-19
(-35 - (9 + (18 - 42))) + 2
-18
(6 + -4 - -24) + 8 + -20 + -22
-8
What is the value of 16 - ((-34 - -19) + 25) - (40 + -1)?
-33
Evaluate (58 - 14) + -64 + 37.
17
Calculate 3 + (-10 - (19 - 90)).
64
What is 16 + (-116 - -194 - -14)?
108
0 - (3 - 31 - (-1 - (9 - (12 + -4))))
26
26 + (-23 - -7 - -8) + 21
39
Calculate 88 - (-9 + -1 + -11 + 14) - 3.
92
What is the value of -28 - (-14 + 23 - 57) - -85?
105
What is 193 - 302 - (-58 - 5)?
-46
What is (-546 - -517) + (1 - -3) + 3?
-22
What is 0 - (-89 + 86) - 64?
-61
What is the value of 69 + (-82 - (36 - 115))?
66
What is 42 - 1 - 46 - -22?
17
What is the value of -116 + (-4 - (1 + -3) - (193 + -230 - -48))?
-129
Evaluate -83 + -14 + -7 - (-13 + 14 + -4) - -8.
-93
What is the value of (8 - 3) + (3 - 12) + (-32 - 10)?
-46
What is -41 - -1 - (1263 + -1340)?
37
(34 - -9) + -22 + 19
40
(11 - -2) + (53 - ((-12 - -46) + -16))
48
Evaluate -54 + 49 + (2 - (2 - 2) - (-54 + 18)).
33
What is the value of 41 - (-20 - (-4 + 3 + -1 + (101 - 107)))?
53
What is the value of 98 - (17 - 10 - -7 - -8 - 9)?
85
What is 6 + 1 + -80 + 94 + -1?
20
What is (-3 - (-9 - 0)) + -23 + 47 + -31?
-1
-10 - (19 + -9 + 96 - (-1 + 0 + 7))
-110
What is (68 - 81 - -7) + -95?
-101
What is the value of -58 - (-3 + (-10 - (-12 + -8 - -11) - -4))?
-58
What is -4 + (-17 - -19) + 10 - 85?
-77
Calculate (13 + -4 + -4 - -5) + (-125 - (-11 - -33)).
-137
Calculate (12 + 25 + 5 - (-11 - -14)) + -11.
28
What is the value of (1391 - 1348) + (-5 - (-4 - -8))?
34
Evaluate -47 + 69 + 6 + 5 - 21.
12
Calculate ((14 - 13) + -7 - (11 - 1)) + 2 + -4.
-18
Evaluate -1000 - -1000 - (143 - 3).
-140
What is 148 - (-126 - -270) - (1 - (1 - -37))?
41
Evaluate (105 - 67) + (22 - 100) + -23.
-63
-22 - -75 - 59 - 76
-82
What is the value of 19 + (11 - 31 - (-47 + 22))?
24
40 + (57 - 161) - -47
-17
What is (-5 + -1 - 12) + 74 + -81 - -78?
53
What is the value of 31 + 1 + -5 - (436 + -483)?
74
Evaluate 658 + -697 + (-5 - -3 - 116).
-157
Evaluate -12 - (16 + -11) - (21 - -3 - -48).
-89
What is 24 + (-21 - 0) + (-600 - -607)?
10
What is the value of -16 + (-44 - -39 - 26)?
-47
What is the value of -12 + -1 - ((1 + -15 - -21) + 0)?
-20
What is 106 - (-8 + -9 + (150 - 108))?
81
What is the value of (65 - 87) + -8 - -113?
83
(57 - 116 - -64) + -57
-52
-2 + (-15 - -7) + -3 + 64 + -95
-44
What is 1 - 0 - (19 + 13 + -2 + 13)?
-42
(7 - (-121 + 82)) + -49
-3
What is the value of -16 - -1 - (-5509 + 5547)?
-53
13 - (-4 - 10 - 8 - (-7 + 11))
39
What is the value of (-25 - -132 - 35) + (55 - 78)?
49
What is 19 - (36 + 12 + -25 - (-20 - -64))?
40
40 - (105 + -206 + 61)
80
-4 - (68 + -130 + (4 - -37))
17
Calculate 1 + 2 + (-1 - 65) - (-378 - (-287 - 92)).
-64
0 + -3 + -11 + 26 + -67 + 35 - 6
-26
Evaluate -21 - (-2 + 0) - (-1247 - -1194).
34
What is the value of 6 + 2 + -1 - (-10 - (1 + 3) - 6)?
27
8 + (-79 - -44) - 18
-45
Calculate (64 - 95 - (-33 - -5)) + (13 - 0).
10
Calculate -14 - -3 - (323 + -345).
11
Evaluate -29 + (23 - (-7 - 128)) + -37.
92
Evaluate -66 + 99 + (8 - (8 - -13 - 6)).
26
20 + (18 - 11 - 0) + -13
14
What is 188 - 161 - (-2 - -72)?
-43
(-61 - -55 - (-3 - -4 - 7)) + (23 - 0)
23
What is the value of 50 - (-2 - (0 - -1)) - (-3 - -23 - 17)?
50
Evaluate -457 - -435 - (0 + -28) - -21.
27
Calculate 4 + -20 + (1 - -37).
22
What is the value of ((-19 - -21) + 31 - 51) + -2 + 5?
-15
3 + 66 - (-25 + -30 + 69 - 1)
56
What is the value of 2 + (12 - -7 - 39) + 16?
-2
What is the value of -7 + (-28 - (-30 + 9 + 1